{"id":36,"date":"2018-04-09T13:41:47","date_gmt":"2018-04-09T11:41:47","guid":{"rendered":"http:\/\/93.113.206.63\/?page_id=36"},"modified":"2018-04-09T15:26:00","modified_gmt":"2018-04-09T13:26:00","slug":"histoire","status":"publish","type":"page","link":"https:\/\/mairie-la-chaussee-sur-marne.fr\/index.php\/histoire\/","title":{"rendered":"Histoire"},"content":{"rendered":"<p>[vc_row][vc_column width=\u00a0\u00bb1\/2&Prime;][vc_column_text]Le village de La Chauss\u00e9e sur Marne est situ\u00e9 sur la rive droite de la Marne, entre Vitry-le-Fran\u00e7ois et Ch\u00e2lons-en-Champagne.<\/p>\n<p>Au d\u00e9but du XX\u00e8me si\u00e8cle, des fouilles arch\u00e9ologiques ont r\u00e9v\u00e9l\u00e9 un habitat gaulois important le long des rives de la rivi\u00e8re Marne et de son affluent le Fion.[\/vc_column_text][\/vc_column][vc_column width=\u00a0\u00bb1\/2&Prime;][vc_column_text]D\u00e8s le moyen \u00e2ge, plusieurs fiefs se d\u00e9veloppent sur le territoire dont le fief de Mutigny et le fief de Coulmier-La Chauss\u00e9e qui subsist\u00e8rent en tant que villages.[\/vc_column_text][\/vc_column][\/vc_row][vc_row][vc_column][vc_hoverbox image=\u00a0\u00bb48&Prime; primary_title=\u00a0\u00bb\u00a0\u00bb hover_title=\u00a0\u00bbPlan de Trudaine\u00a0\u00bb]Vers 1760, il y a l\u2019implantation de la route royale (<em>actuelle avenue du Docteur Justin Jolly<\/em>). Le passage de plus en plus intense d\u00e9veloppe les commerces. Des artisans s&rsquo;y installent, de nouvelles maisons se construisent et les villages Coulmier-La Chauss\u00e9e et Mutigny se rapprochent.[\/vc_hoverbox][\/vc_column][\/vc_row][vc_row][vc_column][vc_column_text]La fusion compl\u00e8te des villages a lieu en 1798 sous le nom de \u00ab\u00a0La Chauss\u00e9e\u00a0\u00bb. C\u2019est en 1904 que le conseil municipal d\u00e9lib\u00e8re pour lui donner d\u00e9finitivement le nom de \u00ab\u00a0La Chauss\u00e9e-sur-Marne\u00a0\u00bb pour qu\u2019il n\u2019y ait pas de confusion avec d\u2019autres \u00ab\u00a0La Chauss\u00e9e\u00a0\u00bb existants.[\/vc_column_text][\/vc_column][\/vc_row][vc_row][vc_column width=\u00a0\u00bb1\/2&Prime;][vc_hoverbox image=\u00a0\u00bb39&Prime; primary_title=\u00a0\u00bb\u00a0\u00bb hover_title=\u00a0\u00bbL&rsquo;\u00e9glise Saint Pierre de Coulmier\u00a0\u00bb]L&rsquo;\u00e9glise Saint Pierre de Coulmier en craie et de style roman datant du XI\u00e8me si\u00e8cle class\u00e9 monument historique en 1930[\/vc_hoverbox][\/vc_column][vc_column width=\u00a0\u00bb1\/2&Prime;][vc_hoverbox image=\u00a0\u00bb40&Prime; primary_title=\u00a0\u00bb\u00a0\u00bb hover_title=\u00a0\u00bbL&rsquo;\u00e9glise Saint Martin de Mutigny\u00a0\u00bb]L&rsquo;\u00e9glise Saint Martin de Mutigny des XI\u00e8me et XII\u00e8me si\u00e8cles en craie et de style roman.[\/vc_hoverbox][\/vc_column][\/vc_row][vc_row][vc_column width=\u00a0\u00bb1\/2&Prime;][vc_column_text]Jusqu\u2019en 1903, la place de la salle des f\u00eates est totalement construite, occup\u00e9e pour la plus grande part par la ferme P\u00e9rardel. Le feu prend dans la cour de la ferme Sandr\u00e9, traverse la route et en une demi-heure, ce n\u2019est plus qu\u2019un immense brasier.<\/p>\n<p>La Poste est construite en 1912 \u00e0 l\u2019emplacement du caf\u00e9 Troncquois. Le terrain reste vague jusqu\u2019en 1954. La commune ach\u00e8te alors le terrain. En 1966, le premier centre de secours est construit, agrandi en 1988.\u00a0 La construction de la salle des f\u00eates est d\u00e9cid\u00e9e en 1968.[\/vc_column_text][\/vc_column][vc_column width=\u00a0\u00bb1\/2&Prime;][vc_hoverbox image=\u00a0\u00bb15&Prime; primary_title=\u00a0\u00bb\u00a0\u00bb hover_title=\u00a0\u00bbLa mairie\u00a0\u00bb]La mairie, qui date du XIX\u00e8me si\u00e8cle, fut inaugur\u00e9e en 1881 et connut de grands travaux en 1992.[\/vc_hoverbox][\/vc_column][\/vc_row][vc_row][vc_column width=\u00a0\u00bb1\/2&Prime;][vc_hoverbox image=\u00a0\u00bb41&Prime; primary_title=\u00a0\u00bb\u00a0\u00bb hover_title=\u00a0\u00bbCentre de secours Andr\u00e9 Dugois \u00ab\u00a0]L\u2019actuel centre de secours Andr\u00e9 Dugois a \u00e9t\u00e9 mis en service en 2003.[\/vc_hoverbox][\/vc_column][vc_column width=\u00a0\u00bb1\/2&Prime;][vc_hoverbox image=\u00a0\u00bb42&Prime; primary_title=\u00a0\u00bb\u00a0\u00bb hover_title=\u00a0\u00bbAncienne ferme de Mutigny\u00a0\u00bb]La ferme de Mutigny est la maison la plus ancienne du village, construite par les \u00ab\u00a0De Marne\u00a0\u00bb, derniers seigneurs de Mutigny. Elle est ant\u00e9rieure \u00e0 la r\u00e9volution.[\/vc_hoverbox][\/vc_column][\/vc_row][vc_row][vc_column width=\u00a0\u00bb1\/2&Prime;][vc_column_text]La route royale devient route nationale et est, en raison des grands virages dans le village et d\u2019une circulation intense, le th\u00e9\u00e2tre de nombreux accidents tr\u00e8s graves dans la deuxi\u00e8me moiti\u00e9 du vingti\u00e8me si\u00e8cle. Les chauss\u00e9ens accueillent avec une grande satisfaction la d\u00e9viation de cette nationale 44 en 1990.<\/p>\n<p>Le territoire de La Chauss\u00e9e-sur-Marne est tr\u00e8s diversifi\u00e9.<\/p>\n<p>Le village a comme tout autre son histoire, que l\u2019on d\u00e9couvre en interrogeant son patrimoine, le nom de ses rues, sa configuration.[\/vc_column_text][\/vc_column][vc_column width=\u00a0\u00bb1\/2&Prime;][vc_hoverbox image=\u00a0\u00bb43&Prime; primary_title=\u00a0\u00bb\u00a0\u00bb hover_title=\u00a0\u00bb\u00a0\u00bb][\/vc_hoverbox][\/vc_column][\/vc_row][vc_row][vc_column width=\u00a0\u00bb1\/3&Prime;][vc_hoverbox image=\u00a0\u00bb44&Prime; primary_title=\u00a0\u00bb\u00a0\u00bb hover_title=\u00a0\u00bbLe fion\u00a0\u00bb]D\u2019un c\u00f4t\u00e9 de ce village, Ia Marne offre un corridor bois\u00e9 qui, avec le Fion et le canal construit en 1845, constitue un milieu humide o\u00f9 les promeneurs peuvent appr\u00e9cier la richesse de la biodiversit\u00e9.[\/vc_hoverbox][\/vc_column][vc_column width=\u00a0\u00bb1\/3&Prime;][vc_hoverbox image=\u00a0\u00bb45&Prime; primary_title=\u00a0\u00bb\u00a0\u00bb hover_title=\u00a0\u00bb\u00a0\u00bb][\/vc_hoverbox][\/vc_column][vc_column width=\u00a0\u00bb1\/3&Prime;][vc_hoverbox image=\u00a0\u00bb46&Prime; primary_title=\u00a0\u00bb\u00a0\u00bb hover_title=\u00a0\u00bbLes \u00e9oliennes\u00a0\u00bb]De l\u2019autre c\u00f4t\u00e9, des champs de luzerne, de betteraves et de c\u00e9r\u00e9ales s\u2019\u00e9tendent \u00e0 perte de vue, couvrant une mer de craie dans un milieu sec d\u2019o\u00f9 \u00e9mergent des \u00e9oliennes depuis 2002.[\/vc_hoverbox][\/vc_column][\/vc_row]<\/p>\n","protected":false},"excerpt":{"rendered":"<p>[vc_row][vc_column width=\u00a0\u00bb1\/2&Prime;][vc_column_text]Le village de La Chauss\u00e9e sur Marne est situ\u00e9 sur la rive droite de la Marne, entre Vitry-le-Fran\u00e7ois et Ch\u00e2lons-en-Champagne. Au d\u00e9but du XX\u00e8me si\u00e8cle, des fouilles arch\u00e9ologiques ont r\u00e9v\u00e9l\u00e9 un habitat gaulois important le long des rives de la rivi\u00e8re Marne et de son affluent le Fion.[\/vc_column_text][\/vc_column][vc_column width=\u00a0\u00bb1\/2&Prime;][vc_column_text]D\u00e8s le moyen \u00e2ge, plusieurs fiefs [&hellip;]<\/p>\n","protected":false},"author":2,"featured_media":0,"parent":0,"menu_order":0,"comment_status":"closed","ping_status":"closed","template":"","meta":{"footnotes":""},"class_list":["post-36","page","type-page","status-publish","hentry"],"_links":{"self":[{"href":"https:\/\/mairie-la-chaussee-sur-marne.fr\/index.php\/wp-json\/wp\/v2\/pages\/36","targetHints":{"allow":["GET"]}}],"collection":[{"href":"https:\/\/mairie-la-chaussee-sur-marne.fr\/index.php\/wp-json\/wp\/v2\/pages"}],"about":[{"href":"https:\/\/mairie-la-chaussee-sur-marne.fr\/index.php\/wp-json\/wp\/v2\/types\/page"}],"author":[{"embeddable":true,"href":"https:\/\/mairie-la-chaussee-sur-marne.fr\/index.php\/wp-json\/wp\/v2\/users\/2"}],"replies":[{"embeddable":true,"href":"https:\/\/mairie-la-chaussee-sur-marne.fr\/index.php\/wp-json\/wp\/v2\/comments?post=36"}],"version-history":[{"count":6,"href":"https:\/\/mairie-la-chaussee-sur-marne.fr\/index.php\/wp-json\/wp\/v2\/pages\/36\/revisions"}],"predecessor-version":[{"id":60,"href":"https:\/\/mairie-la-chaussee-sur-marne.fr\/index.php\/wp-json\/wp\/v2\/pages\/36\/revisions\/60"}],"wp:attachment":[{"href":"https:\/\/mairie-la-chaussee-sur-marne.fr\/index.php\/wp-json\/wp\/v2\/media?parent=36"}],"curies":[{"name":"wp","href":"https:\/\/api.w.org\/{rel}","templated":true}]}}