{"id":928,"date":"2026-08-10T14:05:17","date_gmt":"2026-08-10T12:05:17","guid":{"rendered":"http:\/\/mairie-la-chaussee-sur-marne.fr\/?page_id=928"},"modified":"2026-08-30T08:58:18","modified_gmt":"2026-08-30T06:58:18","slug":"agenda-evenements","status":"publish","type":"page","link":"http:\/\/mairie-la-chaussee-sur-marne.fr\/index.php\/agenda-evenements\/","title":{"rendered":"Agenda &#038; \u00c9v\u00e9nements"},"content":{"rendered":"\n<ul class=\"wp-block-list\">\n<li><strong>F\u00eate patronale le 5 et 6 septembre 2026<\/strong><\/li>\n<\/ul>\n\n\n\n<div class=\"wp-block-group is-nowrap is-layout-flex wp-container-core-group-is-layout-6c531013 wp-block-group-is-layout-flex\">\n<figure class=\"wp-block-image size-full is-resized\"><img loading=\"lazy\" decoding=\"async\" width=\"601\" height=\"902\" src=\"https:\/\/mairie-la-chaussee-sur-marne.fr\/wp-content\/uploads\/2026\/08\/image.png\" alt=\"\" class=\"wp-image-1901\" style=\"width:194px;height:auto\" srcset=\"http:\/\/mairie-la-chaussee-sur-marne.fr\/wp-content\/uploads\/2026\/08\/image.png 601w, http:\/\/mairie-la-chaussee-sur-marne.fr\/wp-content\/uploads\/2026\/08\/image-200x300.png 200w\" sizes=\"auto, (max-width: 601px) 100vw, 601px\" \/><\/figure>\n\n\n\n<p>\u00c0 l\u2019occasion de la <strong>f\u00eate patronale<\/strong>, la commune vous invite \u00e0 venir d\u00e9couvrir le spectacle <strong>\u00ab La Fernande \u00bb<\/strong>, le <strong>dimanche 6 septembre \u00e0 16h<\/strong>, devant la salle des f\u00eates.<\/p>\n<\/div>\n\n\n\n<p>\ud83c\udfad <strong>Un spectacle plein d\u2019humour<\/strong>, \u00e0 partager en famille ou entre amis, qui promet de faire rire <strong>petits et grands !<\/strong><\/p>\n\n\n\n<p>\ud83d\ude92 Les <strong>sapeurs-pompiers<\/strong> participeront \u00e9galement \u00e0 ce week-end festif en assurant la <strong>buvette et la restauration<\/strong> d\u00e8s le samedi apr\u00e8s-midi. Sandwichs, merguez, saucisses-frites et cr\u00eapes seront au rendez-vous !<\/p>\n\n\n\n<p>\ud83c\udf89 <strong>Spectacle offert par la commune \u2013 Venez nombreux profiter de ce moment convivial !<\/strong><\/p>\n\n\n\n<p><\/p>\n\n\n\n<div class=\"wp-block-group is-nowrap is-layout-flex wp-container-core-group-is-layout-6c531013 wp-block-group-is-layout-flex\">\n<ul class=\"wp-block-list\">\n<li><strong>Les animations au Lac du Der<\/strong><\/li>\n<\/ul>\n<\/div>\n\n\n\n<ul class=\"wp-block-list\">\n<li><a href=\"https:\/\/cdt51.tourinsoft.com\/MailingElectroniqueUrlTracker.ashx?email_id=4a585050-b7a1-4ce2-b6ea-2fa1f65dd1da&amp;url_id=5a504d88-cb56-4db5-8819-66fa45d08476\" data-type=\"link\" data-id=\"https:\/\/cdt51.tourinsoft.com\/MailingElectroniqueUrlTracker.ashx?email_id=4a585050-b7a1-4ce2-b6ea-2fa1f65dd1da&amp;url_id=5a504d88-cb56-4db5-8819-66fa45d08476\">https:\/\/cdt51.tourinsoft.com\/MailingElectroniqueUrlTracker.ashx?email_id=4a585050-b7a1-4ce2-b6ea-2fa1f65dd1da&amp;url_id=5a504d88-cb56-4db5-8819-66fa45d08476<\/a><\/li>\n<\/ul>\n\n\n\n<ul class=\"wp-block-list\">\n<li><a href=\"https:\/\/cdt51.tourinsoft.com\/MailingElectroniqueUrlTracker.ashx?email_id=4a585050-b7a1-4ce2-b6ea-2fa1f65dd1da&amp;url_id=53c2f829-1f5f-444a-b826-c37a93a03aa3\">https:\/\/cdt51.tourinsoft.com\/MailingElectroniqueUrlTracker.ashx?email_id=4a585050-b7a1-4ce2-b6ea-2fa1f65dd1da&amp;url_id=53c2f829-1f5f-444a-b826-c37a93a03aa3<\/a><\/li>\n<\/ul>\n\n\n\n<p><\/p>\n\n\n\n<ul class=\"wp-block-list\">\n<li><strong>19 et 20 septembre 2026 : journ\u00e9es europ\u00e9ennes du patrimoine<\/strong><\/li>\n<\/ul>\n\n\n\n<ul class=\"wp-block-list\">\n<li><strong>D\u00e9cembre : repas de nos ain\u00e9s<\/strong><\/li>\n<\/ul>\n\n\n\n<p>La commune aura le plaisir de convier ses a\u00een\u00e9s au traditionnel <strong>Repas des Anciens<\/strong>, qui se d\u00e9roulera au mois de d\u00e9cembre. Un moment chaleureux et convivial \u00e0 partager tous ensemble !<\/p>\n\n\n\n<p><\/p>\n\n\n\n<p><\/p>\n\n\n\n<p><\/p>\n\n\n\n<p><\/p>\n\n\n\n<p><\/p>\n\n\n\n<p><\/p>\n","protected":false},"excerpt":{"rendered":"<p>\u00c0 l\u2019occasion de la f\u00eate patronale, la commune vous invite \u00e0 venir d\u00e9couvrir le spectacle \u00ab La Fernande \u00bb, le dimanche 6 septembre \u00e0 16h, devant la salle des f\u00eates. \ud83c\udfad Un spectacle plein d\u2019humour, \u00e0 partager en famille ou entre amis, qui promet de faire rire petits et grands ! \ud83d\ude92 Les sapeurs-pompiers participeront [&hellip;]<\/p>\n","protected":false},"author":3,"featured_media":1858,"parent":0,"menu_order":0,"comment_status":"closed","ping_status":"closed","template":"","meta":{"footnotes":""},"class_list":["post-928","page","type-page","status-publish","has-post-thumbnail","hentry"],"_links":{"self":[{"href":"http:\/\/mairie-la-chaussee-sur-marne.fr\/index.php\/wp-json\/wp\/v2\/pages\/928","targetHints":{"allow":["GET"]}}],"collection":[{"href":"http:\/\/mairie-la-chaussee-sur-marne.fr\/index.php\/wp-json\/wp\/v2\/pages"}],"about":[{"href":"http:\/\/mairie-la-chaussee-sur-marne.fr\/index.php\/wp-json\/wp\/v2\/types\/page"}],"author":[{"embeddable":true,"href":"http:\/\/mairie-la-chaussee-sur-marne.fr\/index.php\/wp-json\/wp\/v2\/users\/3"}],"replies":[{"embeddable":true,"href":"http:\/\/mairie-la-chaussee-sur-marne.fr\/index.php\/wp-json\/wp\/v2\/comments?post=928"}],"version-history":[{"count":26,"href":"http:\/\/mairie-la-chaussee-sur-marne.fr\/index.php\/wp-json\/wp\/v2\/pages\/928\/revisions"}],"predecessor-version":[{"id":1912,"href":"http:\/\/mairie-la-chaussee-sur-marne.fr\/index.php\/wp-json\/wp\/v2\/pages\/928\/revisions\/1912"}],"wp:featuredmedia":[{"embeddable":true,"href":"http:\/\/mairie-la-chaussee-sur-marne.fr\/index.php\/wp-json\/wp\/v2\/media\/1858"}],"wp:attachment":[{"href":"http:\/\/mairie-la-chaussee-sur-marne.fr\/index.php\/wp-json\/wp\/v2\/media?parent=928"}],"curies":[{"name":"wp","href":"https:\/\/api.w.org\/{rel}","templated":true}]}}

Agenda &#038; Événements

<ul class="wp-block-list">
<li><strong>Fête patronale le 5 et 6 septembre 2026</strong></li>
</ul>



<div class="wp-block-group is-nowrap is-layout-flex wp-container-core-group-is-layout-6c531013 wp-block-group-is-layout-flex">
<figure class="wp-block-image size-full is-resized"><img loading="lazy" decoding="async" width="601" height="902" src="https://mairie-la-chaussee-sur-marne.fr/wp-content/uploads/2026/08/image.png" alt="" class="wp-image-1901" style="width:194px;height:auto" srcset="http://mairie-la-chaussee-sur-marne.fr/wp-content/uploads/2026/08/image.png 601w, http://mairie-la-chaussee-sur-marne.fr/wp-content/uploads/2026/08/image-200x300.png 200w" sizes="auto, (max-width: 601px) 100vw, 601px" /></figure>



<p>À l’occasion de la <strong>fête patronale</strong>, la commune vous invite à venir découvrir le spectacle <strong>« La Fernande »</strong>, le <strong>dimanche 6 septembre à 16h</strong>, devant la salle des fêtes.</p>
</div>



<p>🎭 <strong>Un spectacle plein d’humour</strong>, à partager en famille ou entre amis, qui promet de faire rire <strong>petits et grands !</strong></p>



<p>🚒 Les <strong>sapeurs-pompiers</strong> participeront également à ce week-end festif en assurant la <strong>buvette et la restauration</strong> dès le samedi après-midi. Sandwichs, merguez, saucisses-frites et crêpes seront au rendez-vous !</p>



<p>🎉 <strong>Spectacle offert par la commune – Venez nombreux profiter de ce moment convivial !</strong></p>



<p></p>



<div class="wp-block-group is-nowrap is-layout-flex wp-container-core-group-is-layout-6c531013 wp-block-group-is-layout-flex">
<ul class="wp-block-list">
<li><strong>Les animations au Lac du Der</strong></li>
</ul>
</div>



<ul class="wp-block-list">
<li><a href="https://cdt51.tourinsoft.com/MailingElectroniqueUrlTracker.ashx?email_id=4a585050-b7a1-4ce2-b6ea-2fa1f65dd1da&amp;url_id=5a504d88-cb56-4db5-8819-66fa45d08476" data-type="link" data-id="https://cdt51.tourinsoft.com/MailingElectroniqueUrlTracker.ashx?email_id=4a585050-b7a1-4ce2-b6ea-2fa1f65dd1da&amp;url_id=5a504d88-cb56-4db5-8819-66fa45d08476">https://cdt51.tourinsoft.com/MailingElectroniqueUrlTracker.ashx?email_id=4a585050-b7a1-4ce2-b6ea-2fa1f65dd1da&amp;url_id=5a504d88-cb56-4db5-8819-66fa45d08476</a></li>
</ul>



<ul class="wp-block-list">
<li><a href="https://cdt51.tourinsoft.com/MailingElectroniqueUrlTracker.ashx?email_id=4a585050-b7a1-4ce2-b6ea-2fa1f65dd1da&amp;url_id=53c2f829-1f5f-444a-b826-c37a93a03aa3">https://cdt51.tourinsoft.com/MailingElectroniqueUrlTracker.ashx?email_id=4a585050-b7a1-4ce2-b6ea-2fa1f65dd1da&amp;url_id=53c2f829-1f5f-444a-b826-c37a93a03aa3</a></li>
</ul>



<p></p>



<ul class="wp-block-list">
<li><strong>19 et 20 septembre 2026 : journées européennes du patrimoine</strong></li>
</ul>



<ul class="wp-block-list">
<li><strong>Décembre : repas de nos ainés</strong></li>
</ul>



<p>La commune aura le plaisir de convier ses aînés au traditionnel <strong>Repas des Anciens</strong>, qui se déroulera au mois de décembre. Un moment chaleureux et convivial à partager tous ensemble !</p>



<p></p>



<p></p>



<p></p>



<p></p>



<p></p>



<p></p>

<p>À l’occasion de la fête patronale, la commune vous invite à venir découvrir le spectacle « La Fernande », le dimanche 6 septembre à 16h, devant la salle des fêtes. 🎭 Un spectacle plein d’humour, à partager en famille ou entre amis, qui promet de faire rire petits et grands ! 🚒 Les sapeurs-pompiers participeront [&hellip;]</p>
