{"id":850,"date":"2021-01-13T19:18:30","date_gmt":"2021-01-13T18:18:30","guid":{"rendered":"http:\/\/mairie-la-chaussee-sur-marne.fr\/?page_id=850"},"modified":"2021-01-13T19:23:04","modified_gmt":"2021-01-13T18:23:04","slug":"election-municipale-du-15-03-2020","status":"publish","type":"page","link":"http:\/\/mairie-la-chaussee-sur-marne.fr\/index.php\/administration\/comptes-rendus\/comptes-rendus-des-conseils-de-lannee-2020\/election-municipale-du-15-03-2020\/","title":{"rendered":"\u00c9lection municipale du 15\/03\/2020"},"content":{"rendered":"\n<p class=\"has-text-align-center\"><strong>R\u00e9sultat des \u00e9lections municipale<\/strong><\/p>\n\n\n\n<figure class=\"wp-block-image size-large\"><a href=\"http:\/\/mairie-la-chaussee-sur-marne.fr\/wp-content\/uploads\/2021\/01\/image.png\"><img loading=\"lazy\" decoding=\"async\" width=\"782\" height=\"603\" src=\"http:\/\/mairie-la-chaussee-sur-marne.fr\/wp-content\/uploads\/2021\/01\/image.png\" alt=\"\" class=\"wp-image-851\" srcset=\"http:\/\/mairie-la-chaussee-sur-marne.fr\/wp-content\/uploads\/2021\/01\/image.png 782w, http:\/\/mairie-la-chaussee-sur-marne.fr\/wp-content\/uploads\/2021\/01\/image-300x231.png 300w, http:\/\/mairie-la-chaussee-sur-marne.fr\/wp-content\/uploads\/2021\/01\/image-768x592.png 768w\" sizes=\"auto, (max-width: 782px) 100vw, 782px\" \/><\/a><\/figure>\n\n\n\n<p class=\"has-text-align-center\"><strong>\u00c9lection du maire et des Adjoints<\/strong><\/p>\n\n\n\n<figure class=\"wp-block-image size-large\"><a href=\"http:\/\/mairie-la-chaussee-sur-marne.fr\/wp-content\/uploads\/2021\/01\/image-1.png\"><img loading=\"lazy\" decoding=\"async\" width=\"725\" height=\"1024\" src=\"http:\/\/mairie-la-chaussee-sur-marne.fr\/wp-content\/uploads\/2021\/01\/image-1-725x1024.png\" alt=\"\" class=\"wp-image-853\" srcset=\"http:\/\/mairie-la-chaussee-sur-marne.fr\/wp-content\/uploads\/2021\/01\/image-1-725x1024.png 725w, http:\/\/mairie-la-chaussee-sur-marne.fr\/wp-content\/uploads\/2021\/01\/image-1-212x300.png 212w, http:\/\/mairie-la-chaussee-sur-marne.fr\/wp-content\/uploads\/2021\/01\/image-1-768x1085.png 768w, http:\/\/mairie-la-chaussee-sur-marne.fr\/wp-content\/uploads\/2021\/01\/image-1-1087x1536.png 1087w, http:\/\/mairie-la-chaussee-sur-marne.fr\/wp-content\/uploads\/2021\/01\/image-1-1450x2048.png 1450w, http:\/\/mairie-la-chaussee-sur-marne.fr\/wp-content\/uploads\/2021\/01\/image-1.png 1656w\" sizes=\"auto, (max-width: 725px) 100vw, 725px\" \/><\/a><\/figure>\n\n\n\n<p class=\"has-text-align-center\"><strong>Fonction des conseillers<\/strong><\/p>\n\n\n\n<figure class=\"wp-block-image size-large\"><a href=\"http:\/\/mairie-la-chaussee-sur-marne.fr\/wp-content\/uploads\/2021\/01\/image-2.png\"><img loading=\"lazy\" decoding=\"async\" width=\"720\" height=\"1024\" src=\"http:\/\/mairie-la-chaussee-sur-marne.fr\/wp-content\/uploads\/2021\/01\/image-2-720x1024.png\" alt=\"\" class=\"wp-image-855\" srcset=\"http:\/\/mairie-la-chaussee-sur-marne.fr\/wp-content\/uploads\/2021\/01\/image-2-720x1024.png 720w, http:\/\/mairie-la-chaussee-sur-marne.fr\/wp-content\/uploads\/2021\/01\/image-2-211x300.png 211w, http:\/\/mairie-la-chaussee-sur-marne.fr\/wp-content\/uploads\/2021\/01\/image-2-768x1092.png 768w, http:\/\/mairie-la-chaussee-sur-marne.fr\/wp-content\/uploads\/2021\/01\/image-2-1080x1536.png 1080w, http:\/\/mairie-la-chaussee-sur-marne.fr\/wp-content\/uploads\/2021\/01\/image-2-1440x2048.png 1440w, http:\/\/mairie-la-chaussee-sur-marne.fr\/wp-content\/uploads\/2021\/01\/image-2.png 1643w\" sizes=\"auto, (max-width: 720px) 100vw, 720px\" \/><\/a><\/figure>\n\n\n\n<p class=\"has-text-align-center\"><strong>Trombinoscope des conseillers<\/strong><\/p>\n\n\n\n<figure class=\"wp-block-image size-large\"><a href=\"http:\/\/mairie-la-chaussee-sur-marne.fr\/wp-content\/uploads\/2021\/01\/image-3.png\"><img loading=\"lazy\" decoding=\"async\" width=\"963\" height=\"736\" src=\"http:\/\/mairie-la-chaussee-sur-marne.fr\/wp-content\/uploads\/2021\/01\/image-3.png\" alt=\"\" class=\"wp-image-858\" srcset=\"http:\/\/mairie-la-chaussee-sur-marne.fr\/wp-content\/uploads\/2021\/01\/image-3.png 963w, http:\/\/mairie-la-chaussee-sur-marne.fr\/wp-content\/uploads\/2021\/01\/image-3-300x229.png 300w, http:\/\/mairie-la-chaussee-sur-marne.fr\/wp-content\/uploads\/2021\/01\/image-3-768x587.png 768w\" sizes=\"auto, (max-width: 963px) 100vw, 963px\" \/><\/a><\/figure>\n","protected":false},"excerpt":{"rendered":"<p>R\u00e9sultat des \u00e9lections municipale \u00c9lection du maire et des Adjoints Fonction des conseillers Trombinoscope des conseillers<\/p>\n","protected":false},"author":3,"featured_media":0,"parent":580,"menu_order":0,"comment_status":"closed","ping_status":"closed","template":"","meta":{"footnotes":""},"class_list":["post-850","page","type-page","status-publish","hentry"],"_links":{"self":[{"href":"http:\/\/mairie-la-chaussee-sur-marne.fr\/index.php\/wp-json\/wp\/v2\/pages\/850","targetHints":{"allow":["GET"]}}],"collection":[{"href":"http:\/\/mairie-la-chaussee-sur-marne.fr\/index.php\/wp-json\/wp\/v2\/pages"}],"about":[{"href":"http:\/\/mairie-la-chaussee-sur-marne.fr\/index.php\/wp-json\/wp\/v2\/types\/page"}],"author":[{"embeddable":true,"href":"http:\/\/mairie-la-chaussee-sur-marne.fr\/index.php\/wp-json\/wp\/v2\/users\/3"}],"replies":[{"embeddable":true,"href":"http:\/\/mairie-la-chaussee-sur-marne.fr\/index.php\/wp-json\/wp\/v2\/comments?post=850"}],"version-history":[{"count":7,"href":"http:\/\/mairie-la-chaussee-sur-marne.fr\/index.php\/wp-json\/wp\/v2\/pages\/850\/revisions"}],"predecessor-version":[{"id":865,"href":"http:\/\/mairie-la-chaussee-sur-marne.fr\/index.php\/wp-json\/wp\/v2\/pages\/850\/revisions\/865"}],"up":[{"embeddable":true,"href":"http:\/\/mairie-la-chaussee-sur-marne.fr\/index.php\/wp-json\/wp\/v2\/pages\/580"}],"wp:attachment":[{"href":"http:\/\/mairie-la-chaussee-sur-marne.fr\/index.php\/wp-json\/wp\/v2\/media?parent=850"}],"curies":[{"name":"wp","href":"https:\/\/api.w.org\/{rel}","templated":true}]}}