{"id":1136,"date":"2021-11-21T20:14:11","date_gmt":"2021-11-21T19:14:11","guid":{"rendered":"http:\/\/mairie-la-chaussee-sur-marne.fr\/?page_id=1136"},"modified":"2022-02-08T18:03:23","modified_gmt":"2022-02-08T17:03:23","slug":"salon-du-livre-12-12-2021","status":"publish","type":"page","link":"http:\/\/mairie-la-chaussee-sur-marne.fr\/index.php\/salon-du-livre-12-12-2021\/","title":{"rendered":"Salon du livre 12.12.2021"},"content":{"rendered":"\n<figure class=\"wp-block-image size-large\"><img loading=\"lazy\" decoding=\"async\" width=\"513\" height=\"696\" src=\"http:\/\/mairie-la-chaussee-sur-marne.fr\/wp-content\/uploads\/2021\/11\/livre-affiche.jpg\" alt=\"\" class=\"wp-image-1132\" srcset=\"http:\/\/mairie-la-chaussee-sur-marne.fr\/wp-content\/uploads\/2021\/11\/livre-affiche.jpg 513w, http:\/\/mairie-la-chaussee-sur-marne.fr\/wp-content\/uploads\/2021\/11\/livre-affiche-221x300.jpg 221w\" sizes=\"auto, (max-width: 513px) 100vw, 513px\" \/><\/figure>\n\n\n\n<p><strong>Marina Anca<\/strong> est une \u00e9crivaine fran\u00e7aise. Elle a fait carri\u00e8re dans la mode et la publicit\u00e9 avant de publier sa propre histoire.C&rsquo;est un parcours exceptionnel qu&rsquo;elle d\u00e9crit souvent avec humour et d\u00e9rision dans un style tr\u00e8s agr\u00e9able ; une biographie qui se lit comme un roman, dont on attend toujours la suite. \u00abCe qui ne nous tue pas nous rend plus fort\u00bb exprime ce parcours des horreurs du r\u00e9gime de Ceausescu au bonheur de la d\u00e9couverte de la libert\u00e9. Trois \u00e9crits autobiographiques \u00e9dit\u00e9s en France et en Roumanie suffisent \u00e0 sa d\u00e9marche et ce sont des romans et pi\u00e8ces de th\u00e9\u00e2tre qui sont en gestation.<\/p>\n\n\n\n<p>Sa passion de la photo s&rsquo;exprime dans des albums pour enfants et bient\u00f4t en album adultes.<\/p>\n\n\n\n<p>Passionn\u00e9e par la photographie, l\u2019auteur illustre ses contes pour enfants avec des clich\u00e9s pris durant ses voyages.<\/p>\n\n\n\n<figure class=\"wp-block-embed\"><div class=\"wp-block-embed__wrapper\">\nhttps:\/\/www.lecteurs.com\/auteur\/marina-anca\/3828968\n<\/div><\/figure>\n\n\n\n<p>&nbsp;<strong>Axel S\u00e9n\u00e9quier<\/strong>&nbsp;&nbsp;est auteur de litt\u00e9rature jeunesse, pi\u00e8ces de th\u00e9\u00e2tre et recueils de nouvelles. Il a re\u00e7u plus de cinquante distinctions pour ses nouvelles<\/p>\n\n\n\n<figure class=\"wp-block-embed\"><div class=\"wp-block-embed__wrapper\">\nhttp:\/\/www.axelsenequier.fr\/\n<\/div><\/figure>\n\n\n\n<p><strong>Marie-Jos\u00e9e Ambard,<\/strong> professeur des \u00e9coles,retrait\u00e9e,\u00e9crit des litt\u00e9rature jeunesse pour les enfants de 3 \u00e0&nbsp; 14 ans<\/p>\n\n\n\n<figure class=\"wp-block-embed is-type-link is-provider-marie-josee-ambard\"><div class=\"wp-block-embed__wrapper\">\n<blockquote class=\"wp-embedded-content\" data-secret=\"7hlfFZ6wBZ\"><a href=\"https:\/\/ambardlitterature.wordpress.com\/\">Accueil<\/a><\/blockquote><iframe loading=\"lazy\" class=\"wp-embedded-content\" sandbox=\"allow-scripts\" security=\"restricted\" style=\"position: absolute; visibility: hidden;\" title=\"&laquo;&nbsp;Accueil&nbsp;&raquo; &#8212; Marie-Jos\u00e9e Ambard\" src=\"https:\/\/ambardlitterature.wordpress.com\/embed\/#?secret=k5IiKZR3mU#?secret=7hlfFZ6wBZ\" data-secret=\"7hlfFZ6wBZ\" width=\"500\" height=\"282\" frameborder=\"0\" marginwidth=\"0\" marginheight=\"0\" scrolling=\"no\"><\/iframe>\n<\/div><\/figure>\n\n\n\n<p><strong>Sandrine Belair<\/strong>&nbsp;est une auteure n\u00e9e en r\u00e9gion Parisienne qui vit depuis quelques ann\u00e9es dans le d\u00e9partement de la Marne (51).<\/p>\n\n\n\n<figure class=\"wp-block-embed\"><div class=\"wp-block-embed__wrapper\">\nhttps:\/\/cherubinseditions.weebly.com\/\n<\/div><\/figure>\n\n\n\n<p><strong>Nathalie Bonnetier<\/strong> est professeur d\u2019espagnol \u00e0 Saint-Dizier et parall\u00e9lement elle \u00e9crit, tr\u00e8s t\u00f4t des essais,romans et pi\u00e8ces de th\u00e9\u00e2tre.<\/p>\n\n\n\n<figure class=\"wp-block-embed-youtube wp-block-embed is-type-video is-provider-youtube wp-embed-aspect-16-9 wp-has-aspect-ratio\"><div class=\"wp-block-embed__wrapper\">\nhttps:\/\/www.youtube.com\/watch?v=J6VrRPOqtmw\n<\/div><\/figure>\n\n\n\n<p><strong>Julia Borges <\/strong>\u00e9crit des livres pour enfants et habite \u00e0 la Chauss\u00e9e sur Marne.<\/p>\n\n\n\n<p><strong>Czek<\/strong>\u2013 qu\u2019il vaut mieux prononcer correctement (\u2018tch\u00e8k\u2019) pour ne pas s\u2019attirer ses foudres \u2013 est un artiste fran\u00e7ais. Autodidacte, Czek produit peu mais s\u2019attache \u00e0 toujours rendre un hommage sinc\u00e8re (et humble) aux auteurs qui l\u2019ont influenc\u00e9 tant graphiquement que narrativement et, s\u2019il s\u2019\u00e9vertue \u00e0 s\u2019en d\u00e9tacher progressivement afin de tracer un sillon plus personnel, ses lecteurs sauront peut \u00eatre reconna\u00eetre son go\u00fbt pour le trait anguleux de Mike Mignola, pour la d\u00e9mesure de Jack Kirby ou encore pour la mise en&nbsp; page&nbsp;\u00e9labor\u00e9e de Sergio Toppi. Soyez toutefois indulgent avec Czek car lui l\u2019est rarement envers ses travaux.<\/p>\n\n\n\n<figure class=\"wp-block-embed\"><div class=\"wp-block-embed__wrapper\">\nhttps:\/\/www.bedetheque.com\/auteur-13149-BD-Czek.html\n<\/div><\/figure>\n\n\n\n<p><strong>Pauline Deysson<\/strong> est&nbsp; documentaliste dans une banque. Elle est une grande lectrice et a toujours voulu \u00e9crire. Elle parle et lit couramment l\u2019Anglais, l\u2019Espagnol et l\u2019Allemand ;&nbsp; Elle s\u2019est lanc\u00e9e dans l\u2019aventure de l\u2019autopublication en septembre 2016.<\/p>\n\n\n\n<figure class=\"wp-block-embed-wordpress wp-block-embed is-type-wp-embed is-provider-la-bibliotheque\"><div class=\"wp-block-embed__wrapper\">\n<blockquote class=\"wp-embedded-content\" data-secret=\"nD8GlBuASj\"><a href=\"http:\/\/www.paulinedeysson.com\/\">Accueil<\/a><\/blockquote><iframe loading=\"lazy\" class=\"wp-embedded-content\" sandbox=\"allow-scripts\" security=\"restricted\" style=\"position: absolute; visibility: hidden;\" title=\"\u00ab\u00a0Accueil\u00a0\u00bb &#8212; La Biblioth\u00e8que\" src=\"http:\/\/www.paulinedeysson.com\/embed\/#?secret=BhGVgzSAl3#?secret=nD8GlBuASj\" data-secret=\"nD8GlBuASj\" width=\"500\" height=\"282\" frameborder=\"0\" marginwidth=\"0\" marginheight=\"0\" scrolling=\"no\"><\/iframe>\n<\/div><\/figure>\n\n\n\n<p><strong>Daniel Dubourg&nbsp;<\/strong>:po\u00e9sies, contes, nouvelles, romans et polars pour enfants se c\u00f4toient et marquent ainsi la diversit\u00e9 de ses \u00e9crits.<\/p>\n\n\n\n<figure class=\"wp-block-embed is-type-link is-provider-daniel-dubourg\"><div class=\"wp-block-embed__wrapper\">\nhttps:\/\/danieldubourg.com\/\n<\/div><\/figure>\n\n\n\n<p><strong>Christian Krika<\/strong>&nbsp;:&nbsp;\u00c9crivain par passion, il aime les longues promenades dans la campagne qui sont souvent pour lui une source d&rsquo;inspiration primordiale pour l&rsquo;\u00e9criture de ses livres.<\/p>\n\n\n\n<p><strong>Patrick Lagneau<\/strong> est retrait\u00e9 apr\u00e8s une carri\u00e8re de professeur d&rsquo;\u00e9ducation socioculturelle en lyc\u00e9e agricole. &nbsp;Tout au long de sa carri\u00e8re, il a plac\u00e9 son \u00e9nergie cr\u00e9atrice dans le th\u00e9\u00e2tre, la com\u00e9die musicale, l\u2019\u00e9criture de sc\u00e9narios et la r\u00e9alisation de films vid\u00e9o avec lesquels il a conduit ses \u00e9l\u00e8ves \u00e0 de nombreux prix nationaux.<br>Musicien auteur-compositeur, il met au service des vid\u00e9astes amateurs des musiques originales et personnalis\u00e9es par le biais d&rsquo;un site internet dont il est le concepteur : http:\/\/lagneau.patrick.free.fr<br>Par passion et parce qu&rsquo;il aime partager les histoires qu&rsquo;il imagine, il \u00e9crit depuis 2007 des romans sur des th\u00e8mes divers \u00e0 connotation fantastique pour mieux nous faire partager ce qui nous anime tous : l&rsquo;amour, le temps, les racines patrimoniales, les valeurs morales&#8230; <a href=\"http:\/\/www.patrick-lagneau.com\/\">http:\/\/www.patrick-lagneau.com\/<\/a><\/p>\n\n\n\n<p><strong>Fran\u00e7ois Sainka\u00a0<\/strong>:Aujourd&rsquo;hui retrait\u00e9, l&rsquo;auteur \u00e9voque de fa\u00e7on personnelle et authentique quelques \u00e9v\u00e8nements marquants de son quotidien au cours de sa longue carri\u00e8re au sein de la Gendarmerie de Vitry-le-Fran\u00e7ois, une ville dont il dit qu&rsquo;il connait toutes les rues, tous les immeubles et presque toutes les personnes.Si les faits relat\u00e9s sont parfois dr\u00f4les, \u00e9mouvants et pafois sombres, ils sont aussi toujours v\u00e9ridiques.Son livre est le t\u00e9moignage d&rsquo;un homme passionn\u00e9 par un m\u00e9tier souvent ingrat, mais surtout un hommage \u00e0 tous ceux qu&rsquo;il a c\u00f4toy\u00e9s au cours de cette longue p\u00e9riode, ses coll\u00e8gues, certains de ses sup\u00e9rieurs et toutes ces victimes que l&rsquo;on oublie trop facilement.<\/p>\n\n\n\n<figure class=\"wp-block-gallery columns-3 is-cropped wp-block-gallery-1 is-layout-flex wp-block-gallery-is-layout-flex\"><ul class=\"blocks-gallery-grid\"><li class=\"blocks-gallery-item\"><figure><img loading=\"lazy\" decoding=\"async\" width=\"1024\" height=\"769\" src=\"http:\/\/mairie-la-chaussee-sur-marne.fr\/wp-content\/uploads\/2022\/02\/1642488363604-1-1024x769.jpg\" alt=\"\" data-id=\"1170\" data-full-url=\"http:\/\/mairie-la-chaussee-sur-marne.fr\/wp-content\/uploads\/2022\/02\/1642488363604-1-scaled.jpg\" data-link=\"http:\/\/mairie-la-chaussee-sur-marne.fr\/index.php\/salon-du-livre-12-12-2021\/1642488363604-1\/\" class=\"wp-image-1170\" srcset=\"http:\/\/mairie-la-chaussee-sur-marne.fr\/wp-content\/uploads\/2022\/02\/1642488363604-1-1024x769.jpg 1024w, http:\/\/mairie-la-chaussee-sur-marne.fr\/wp-content\/uploads\/2022\/02\/1642488363604-1-300x225.jpg 300w, http:\/\/mairie-la-chaussee-sur-marne.fr\/wp-content\/uploads\/2022\/02\/1642488363604-1-768x577.jpg 768w, http:\/\/mairie-la-chaussee-sur-marne.fr\/wp-content\/uploads\/2022\/02\/1642488363604-1-1536x1153.jpg 1536w, http:\/\/mairie-la-chaussee-sur-marne.fr\/wp-content\/uploads\/2022\/02\/1642488363604-1-2048x1538.jpg 2048w\" sizes=\"auto, (max-width: 1024px) 100vw, 1024px\" \/><\/figure><\/li><li class=\"blocks-gallery-item\"><figure><img loading=\"lazy\" decoding=\"async\" width=\"769\" height=\"1024\" src=\"http:\/\/mairie-la-chaussee-sur-marne.fr\/wp-content\/uploads\/2022\/02\/1642488408828-769x1024.jpg\" alt=\"\" data-id=\"1171\" data-full-url=\"http:\/\/mairie-la-chaussee-sur-marne.fr\/wp-content\/uploads\/2022\/02\/1642488408828-scaled.jpg\" data-link=\"http:\/\/mairie-la-chaussee-sur-marne.fr\/index.php\/salon-du-livre-12-12-2021\/attachment\/1642488408828\/\" class=\"wp-image-1171\" srcset=\"http:\/\/mairie-la-chaussee-sur-marne.fr\/wp-content\/uploads\/2022\/02\/1642488408828-769x1024.jpg 769w, http:\/\/mairie-la-chaussee-sur-marne.fr\/wp-content\/uploads\/2022\/02\/1642488408828-225x300.jpg 225w, http:\/\/mairie-la-chaussee-sur-marne.fr\/wp-content\/uploads\/2022\/02\/1642488408828-768x1023.jpg 768w, http:\/\/mairie-la-chaussee-sur-marne.fr\/wp-content\/uploads\/2022\/02\/1642488408828-1153x1536.jpg 1153w, http:\/\/mairie-la-chaussee-sur-marne.fr\/wp-content\/uploads\/2022\/02\/1642488408828-1538x2048.jpg 1538w, http:\/\/mairie-la-chaussee-sur-marne.fr\/wp-content\/uploads\/2022\/02\/1642488408828-scaled.jpg 1922w\" sizes=\"auto, (max-width: 769px) 100vw, 769px\" \/><\/figure><\/li><li class=\"blocks-gallery-item\"><figure><img loading=\"lazy\" decoding=\"async\" width=\"769\" height=\"1024\" src=\"http:\/\/mairie-la-chaussee-sur-marne.fr\/wp-content\/uploads\/2022\/02\/1642488408848-769x1024.jpg\" alt=\"\" data-id=\"1172\" data-full-url=\"http:\/\/mairie-la-chaussee-sur-marne.fr\/wp-content\/uploads\/2022\/02\/1642488408848-scaled.jpg\" data-link=\"http:\/\/mairie-la-chaussee-sur-marne.fr\/index.php\/salon-du-livre-12-12-2021\/attachment\/1642488408848\/\" class=\"wp-image-1172\" srcset=\"http:\/\/mairie-la-chaussee-sur-marne.fr\/wp-content\/uploads\/2022\/02\/1642488408848-769x1024.jpg 769w, http:\/\/mairie-la-chaussee-sur-marne.fr\/wp-content\/uploads\/2022\/02\/1642488408848-225x300.jpg 225w, http:\/\/mairie-la-chaussee-sur-marne.fr\/wp-content\/uploads\/2022\/02\/1642488408848-768x1023.jpg 768w, http:\/\/mairie-la-chaussee-sur-marne.fr\/wp-content\/uploads\/2022\/02\/1642488408848-1153x1536.jpg 1153w, http:\/\/mairie-la-chaussee-sur-marne.fr\/wp-content\/uploads\/2022\/02\/1642488408848-1538x2048.jpg 1538w, http:\/\/mairie-la-chaussee-sur-marne.fr\/wp-content\/uploads\/2022\/02\/1642488408848-scaled.jpg 1922w\" sizes=\"auto, (max-width: 769px) 100vw, 769px\" \/><\/figure><\/li><li class=\"blocks-gallery-item\"><figure><img loading=\"lazy\" decoding=\"async\" width=\"769\" height=\"1024\" src=\"http:\/\/mairie-la-chaussee-sur-marne.fr\/wp-content\/uploads\/2022\/02\/1642488408866-769x1024.jpg\" alt=\"\" data-id=\"1173\" data-full-url=\"http:\/\/mairie-la-chaussee-sur-marne.fr\/wp-content\/uploads\/2022\/02\/1642488408866-scaled.jpg\" data-link=\"http:\/\/mairie-la-chaussee-sur-marne.fr\/index.php\/salon-du-livre-12-12-2021\/attachment\/1642488408866\/\" class=\"wp-image-1173\" srcset=\"http:\/\/mairie-la-chaussee-sur-marne.fr\/wp-content\/uploads\/2022\/02\/1642488408866-769x1024.jpg 769w, http:\/\/mairie-la-chaussee-sur-marne.fr\/wp-content\/uploads\/2022\/02\/1642488408866-225x300.jpg 225w, http:\/\/mairie-la-chaussee-sur-marne.fr\/wp-content\/uploads\/2022\/02\/1642488408866-768x1023.jpg 768w, http:\/\/mairie-la-chaussee-sur-marne.fr\/wp-content\/uploads\/2022\/02\/1642488408866-1153x1536.jpg 1153w, http:\/\/mairie-la-chaussee-sur-marne.fr\/wp-content\/uploads\/2022\/02\/1642488408866-1538x2048.jpg 1538w, http:\/\/mairie-la-chaussee-sur-marne.fr\/wp-content\/uploads\/2022\/02\/1642488408866-scaled.jpg 1922w\" sizes=\"auto, (max-width: 769px) 100vw, 769px\" \/><\/figure><\/li><li class=\"blocks-gallery-item\"><figure><img loading=\"lazy\" decoding=\"async\" width=\"769\" height=\"1024\" src=\"http:\/\/mairie-la-chaussee-sur-marne.fr\/wp-content\/uploads\/2022\/02\/IMG_20211212_154048-769x1024.jpg\" alt=\"\" data-id=\"1174\" data-full-url=\"http:\/\/mairie-la-chaussee-sur-marne.fr\/wp-content\/uploads\/2022\/02\/IMG_20211212_154048-scaled.jpg\" data-link=\"http:\/\/mairie-la-chaussee-sur-marne.fr\/index.php\/salon-du-livre-12-12-2021\/img_20211212_154048\/\" class=\"wp-image-1174\" srcset=\"http:\/\/mairie-la-chaussee-sur-marne.fr\/wp-content\/uploads\/2022\/02\/IMG_20211212_154048-769x1024.jpg 769w, http:\/\/mairie-la-chaussee-sur-marne.fr\/wp-content\/uploads\/2022\/02\/IMG_20211212_154048-225x300.jpg 225w, http:\/\/mairie-la-chaussee-sur-marne.fr\/wp-content\/uploads\/2022\/02\/IMG_20211212_154048-768x1023.jpg 768w, http:\/\/mairie-la-chaussee-sur-marne.fr\/wp-content\/uploads\/2022\/02\/IMG_20211212_154048-1153x1536.jpg 1153w, http:\/\/mairie-la-chaussee-sur-marne.fr\/wp-content\/uploads\/2022\/02\/IMG_20211212_154048-1538x2048.jpg 1538w, http:\/\/mairie-la-chaussee-sur-marne.fr\/wp-content\/uploads\/2022\/02\/IMG_20211212_154048-scaled.jpg 1922w\" sizes=\"auto, (max-width: 769px) 100vw, 769px\" \/><\/figure><\/li><li class=\"blocks-gallery-item\"><figure><img loading=\"lazy\" decoding=\"async\" width=\"769\" height=\"1024\" src=\"http:\/\/mairie-la-chaussee-sur-marne.fr\/wp-content\/uploads\/2022\/02\/IMG_20211212_174622-769x1024.jpg\" alt=\"\" data-id=\"1175\" data-full-url=\"http:\/\/mairie-la-chaussee-sur-marne.fr\/wp-content\/uploads\/2022\/02\/IMG_20211212_174622-scaled.jpg\" data-link=\"http:\/\/mairie-la-chaussee-sur-marne.fr\/index.php\/salon-du-livre-12-12-2021\/img_20211212_174622\/\" class=\"wp-image-1175\" srcset=\"http:\/\/mairie-la-chaussee-sur-marne.fr\/wp-content\/uploads\/2022\/02\/IMG_20211212_174622-769x1024.jpg 769w, http:\/\/mairie-la-chaussee-sur-marne.fr\/wp-content\/uploads\/2022\/02\/IMG_20211212_174622-225x300.jpg 225w, http:\/\/mairie-la-chaussee-sur-marne.fr\/wp-content\/uploads\/2022\/02\/IMG_20211212_174622-768x1023.jpg 768w, http:\/\/mairie-la-chaussee-sur-marne.fr\/wp-content\/uploads\/2022\/02\/IMG_20211212_174622-1153x1536.jpg 1153w, http:\/\/mairie-la-chaussee-sur-marne.fr\/wp-content\/uploads\/2022\/02\/IMG_20211212_174622-1538x2048.jpg 1538w, http:\/\/mairie-la-chaussee-sur-marne.fr\/wp-content\/uploads\/2022\/02\/IMG_20211212_174622-scaled.jpg 1922w\" sizes=\"auto, (max-width: 769px) 100vw, 769px\" \/><\/figure><\/li><li class=\"blocks-gallery-item\"><figure><img loading=\"lazy\" decoding=\"async\" width=\"1020\" height=\"1024\" src=\"http:\/\/mairie-la-chaussee-sur-marne.fr\/wp-content\/uploads\/2022\/02\/IMG_20211212_221344-1020x1024.jpg\" alt=\"\" data-id=\"1176\" data-full-url=\"http:\/\/mairie-la-chaussee-sur-marne.fr\/wp-content\/uploads\/2022\/02\/IMG_20211212_221344-scaled.jpg\" data-link=\"http:\/\/mairie-la-chaussee-sur-marne.fr\/index.php\/salon-du-livre-12-12-2021\/img_20211212_221344\/\" class=\"wp-image-1176\" srcset=\"http:\/\/mairie-la-chaussee-sur-marne.fr\/wp-content\/uploads\/2022\/02\/IMG_20211212_221344-1020x1024.jpg 1020w, http:\/\/mairie-la-chaussee-sur-marne.fr\/wp-content\/uploads\/2022\/02\/IMG_20211212_221344-300x300.jpg 300w, http:\/\/mairie-la-chaussee-sur-marne.fr\/wp-content\/uploads\/2022\/02\/IMG_20211212_221344-150x150.jpg 150w, http:\/\/mairie-la-chaussee-sur-marne.fr\/wp-content\/uploads\/2022\/02\/IMG_20211212_221344-768x771.jpg 768w, http:\/\/mairie-la-chaussee-sur-marne.fr\/wp-content\/uploads\/2022\/02\/IMG_20211212_221344-1530x1536.jpg 1530w, http:\/\/mairie-la-chaussee-sur-marne.fr\/wp-content\/uploads\/2022\/02\/IMG_20211212_221344-2040x2048.jpg 2040w\" sizes=\"auto, (max-width: 1020px) 100vw, 1020px\" \/><\/figure><\/li><\/ul><\/figure>\n","protected":false},"excerpt":{"rendered":"<p>Marina Anca est une \u00e9crivaine fran\u00e7aise. Elle a fait carri\u00e8re dans la mode et la publicit\u00e9 avant de publier sa propre histoire.C&rsquo;est un parcours exceptionnel qu&rsquo;elle d\u00e9crit souvent avec humour et d\u00e9rision dans un style tr\u00e8s agr\u00e9able ; une biographie qui se lit comme un roman, dont on attend toujours la suite. \u00abCe qui ne [&hellip;]<\/p>\n","protected":false},"author":3,"featured_media":0,"parent":0,"menu_order":0,"comment_status":"closed","ping_status":"closed","template":"","meta":{"footnotes":""},"class_list":["post-1136","page","type-page","status-publish","hentry"],"_links":{"self":[{"href":"http:\/\/mairie-la-chaussee-sur-marne.fr\/index.php\/wp-json\/wp\/v2\/pages\/1136","targetHints":{"allow":["GET"]}}],"collection":[{"href":"http:\/\/mairie-la-chaussee-sur-marne.fr\/index.php\/wp-json\/wp\/v2\/pages"}],"about":[{"href":"http:\/\/mairie-la-chaussee-sur-marne.fr\/index.php\/wp-json\/wp\/v2\/types\/page"}],"author":[{"embeddable":true,"href":"http:\/\/mairie-la-chaussee-sur-marne.fr\/index.php\/wp-json\/wp\/v2\/users\/3"}],"replies":[{"embeddable":true,"href":"http:\/\/mairie-la-chaussee-sur-marne.fr\/index.php\/wp-json\/wp\/v2\/comments?post=1136"}],"version-history":[{"count":2,"href":"http:\/\/mairie-la-chaussee-sur-marne.fr\/index.php\/wp-json\/wp\/v2\/pages\/1136\/revisions"}],"predecessor-version":[{"id":1177,"href":"http:\/\/mairie-la-chaussee-sur-marne.fr\/index.php\/wp-json\/wp\/v2\/pages\/1136\/revisions\/1177"}],"wp:attachment":[{"href":"http:\/\/mairie-la-chaussee-sur-marne.fr\/index.php\/wp-json\/wp\/v2\/media?parent=1136"}],"curies":[{"name":"wp","href":"https:\/\/api.w.org\/{rel}","templated":true}]}}